1. Calculate h(j).
-25
Let p(f) be the second derivative of f**4/12 - 2*f**3/3 - f**2 - f. Let n = 39844 + -39839. What is p(n)?
3
Let r(v) be the third derivative of -v**6/120 + v**5/6 + v**4/12 + 2*v**3/3 + 292*v**2. Let z(y) = 2*y - 12. Let u be z(11). Calculate r(u).
24
Let y(g) = g + 6 - 11 - 11. Let a(u) = -4*u + 2. Let n be a(-1). Suppose 2*p = 2*k - n, -k + 6*p - 17 = p. What is y(k)?
-8
Let i(s) be the second derivative of s**3/2 + s**2 - 2*s. Let x(p) = -9*p + 77. Let v(t) = -50*t - 91. Let z be v(-2). Let o be x(z). Determine i(o).
-10
Let r(d) be the second derivative of -d**5/20 + 19*d**4/12 - 8*d**3/3 + 3*d**2 - 3929*d. Give r(18).
42
Let i(q) be the second derivative of 29*q**3/6 - 206*q**2 + 4*q + 1012. Determine i(14).
-6
Let p(y) be the second derivative of -11*y**4/12 - 2*y**2 - 457*y. Give p(-2).
-48
Let b(w) = -5*w**3 - w**2 - w + 1. Let o(s) be the first derivative of s**2 + 35*s + 35. Let k be o(-17). Determine b(k).
-6
Suppose -4*q = 0, -2*f - 3 + 13 = 3*q. Let y(c) = 4*c**3 - 11 - c + 18 - 12*c**2 + 17*c**2 - 5*c**3 - c. Calculate y(f).
-3
Let o(k) = -11*k**3 + 7*k**2 + 8*k - 7. Let w(n) = 7*n**3 - 5*n**2 - 5*n + 4. Let x(d) = 5*o(d) + 8*w(d). Give x(4).
-19
Suppose 9*k - 26 = 1. Let y(w) = -2*w**2 - 1 + 6 - 10*w + k*w**2 + 2*w. Determine y(7).
-2
Let g(v) be the first derivative of 3*v**3 - 3*v**2/2 + 3*v - 48. Let d(s) = 16*s**2 - 5*s + 6. Let a(b) = 3*d(b) - 5*g(b). What is a(3)?
30
Let i(d) = 53*d**2 + 1219*d + 5. Let v be i(-23). Let w(k) = k - 30. What is w(v)?
-25
Let q(m) be the third derivative of -m**6/360 + m**5/40 - 5*m**3/2 + 19*m**2 - 2*m. Let n(h) be the first derivative of q(h). Let i = 3 - 0. Calculate n(i).
0
Suppose 10*d + 6*d = 193808. Let p(u) = 4 - d*u + 12111*u - 2. Suppose -3*q + 14 = 2. What is p(q)?
-6
Let p(y) be the second derivative of 0 + 28*y - 1/30*y**5 - 2/3*y**3 + 27/2*y**2 + 5/24*y**4. Let q(f) be the first derivative of p(f). Calculate q(3).
-7
Suppose -20*d + 8*d - 996 = 0. Let v = d - -88. Let y(c) = c**3 - 6*c**2 + 4*c + 5. Give y(v).
0
Let w(m) be the second derivative of 5*m**3/6 + m**2/2 - 110*m. Let k(j) = -12*j - 2. Let a(z) = -6*k(z) - 11*w(z). Determine a(2).
35
Let a(i) = 2 - 21*i + 9*i + 7*i. What is a(-1)?
7
Let v(t) be the second derivative of -15/2*t**2 - 24*t - 1/12*t**4 + 0*t**3 + 0. Let y(w) = -w**3 - 5*w**2. Let q be y(-5). Calculate v(q).
-15
Let a = -444 + 440. Let z(q) = 23*q**2 - 2*q - 8. Let o(g) = 8*g**2 - g - 3. Let d(m) = a*z(m) + 11*o(m). Calculate d(-1).
-2
Suppose 0 = -7*t - 25*t - 12*t + 1012. Let s(x) = -3*x + 17. Calculate s(t).
-52
Let q = -204 + 205. Let f(r) = -r**3 - 4*r**2 + r + 2. Determine f(q).
-2
Let l(o) = 14 + 5*o + 18 + 2 - 67 + 17. What is l(0)?
-16
Let o(u) = u**3 + 2*u**2 + 7*u + 6. Suppose 71*s + 212 = 18*s. What is o(s)?
-54
Let w(a) = -1 - a**2 - 2*a**2 - 4*a**2 + 2*a - a**2. Let m(l) = -l**3 + 10*l**2 - 24*l + 62. Let f be m(8). Give w(f).
-37
Suppose -4*c + 4*k = 48, 3*k + 2*k = 0. Let r = c - -14. Let l be 0/(1/((-1)/r)). Let v(j) = -j**3 + j + 4. Give v(l).
4
Suppose -11*g = 260 - 326. Let t(v) = -3*v - 2. Let c be t(-2). Let z(p) = -c*p - 8 + 0 + p**2 + 0. Calculate z(g).
4
Let s = -3838 - -2309. Let n = s - -489. Let r be (n/36)/5 + 4/(-18). Let l(y) = -y**3 - 6*y**2 - y - 8. Determine l(r).
-2
Let v(t) = -7*t + 81. Suppose 581 = -78*f + 711 + 1040. What is v(f)?
-24
Let o(q) = 10 - 199*q - 200*q + 398*q. Let w(p) = p + 15. Let n be w(-4). Give o(n).
-1
Let k(l) be the third derivative of -l**5/60 - 23*l**4/24 + 83*l**3/6 + 306*l**2 - 9*l. Give k(-26).
5
Let j(o) = o**3 + o**2 + o + 29. Let y = 35 - 44. Let k be (-50)/75*y*1. Suppose x - i + 4 = 0, i = 5*x + k*i - 20. Determine j(x).
29
Let s(n) be the third derivative of -1/6*n**4 + 0 - 25*n**2 - 11/6*n**3 - 5*n. Determine s(-5).
9
Let m(j) be the third derivative of 5*j**4/24 + 11*j**3/6 - 79*j**2. Let a(s) = -7*s - 12. Let g(n) = 2*a(n) + 3*m(n). What is g(-13)?
-4
Let b(i) = -18*i - 8375*i**2 - 36 + 4179*i**2 - i**3 + 4185*i**2. Give b(-10).
44
Let t(y) = 41*y**2 + 11*y - 19*y**2 - 14*y**2 - 9*y**2 + 4 + 7. Calculate t(8).
35
Let b(p) = -3*p - 19 - 1142793*p**3 - 13*p**2 - 6*p + 1142791*p**3. What is b(-6)?
-1
Suppose -3*f + 24 + 18 = -3*k, 0 = 5*k - 2*f + 73. Let v(c) = c**3 + 15*c**2 - 5*c - 70. Give v(k).
5
Let p(c) = c**3 - 30*c**2 + 46*c - 29. Let x(n) = -2*n**3 + 61*n**2 - 96*n + 57. Let v(i) = -11*p(i) - 5*x(i). Give v(24).
-14
Let r be 13 + (-161)/70*-10. Let o(b) = -6*b**2 + 218*b - 75. What is o(r)?
-3
Let u(q) = -7*q**2 - 5 + q**2 + 481*q**3 + 6*q + 0*q**2 - 482*q**3. Let z(g) = -g**3 + 3*g**2 + g. Let r be z(3). Let t be -3 + 5 - r*3. Calculate u(t).
2
Let x(u) = 13*u + 1. Let z(w) = 66*w + 6. Suppose -4*a - 16 = 2*i, i + 4*i = -5*a - 30. Let v(q) = a*z(q) + 11*x(q). Determine v(-4).
-45
Let x(d) = -1031*d - 104. Let a(z) = -213*z - 21. Let r(j) = -29*a(j) + 6*x(j). Calculate r(-6).
39
Let y(p) = 4 - 8*p + 4*p**2 - 4*p**2 + 4*p**2 - 5*p**2. Let n = 3450 + -3458. Give y(n).
4
Let o(c) = c**3 + c + 7. Suppose 45 + 190 = -5*z. Let s = z - -48. Let j(k) = -k**2 - k + 2. Let h be j(s). What is o(h)?
7
Let t(u) = -u**3 - 6*u**2 + 4*u + 9. Suppose -76*a = -70*a. Suppose a = 6*w - 16*w - 60. Give t(w).
-15
Let d(q) = q**3 + 3*q**2 + 3*q - 1. Let s(h) = 2*h**3 - 9*h**2 - 2*h - 13. Let c be s(5). Suppose -c*o + 4*k + 14 = 0, -13 - 7 = 4*k. What is d(o)?
-10
Let z(h) = 38*h**2 - 93*h + 66. Let m(r) = 93*r**2 - 189*r + 131. Let o(i) = -2*m(i) + 5*z(i). Determine o(21).
5
Let g(x) = -2*x - 6. Let b(o) = o**3 - 3*o**2 - 13. Let s be b(4). Suppose 2*f - 10 = -4*t, 5*f = -s*t + t + 25. Give g(f).
-16
Let f(b) be the third derivative of -19*b**4/24 - 43*b**3/2 - 70*b**2. Let y be f(-7). Let r(h) be the second derivative of 2*h**3/3 - 2*h**2 + h. Give r(y).
12
Suppose -850 - 838 = 155*a + 327. Let u(j) = j**3 + 15*j**2 + 24*j. Calculate u(a).
26
Let s(r) = -2*r**2 - 18*r + 75. Let u be s(-12). Suppose 5*d = -2*h - 40, -u*h - 9 + 6 = -2*d. Let f(w) = 2*w - 4 + 0*w + 0. Determine f(d).
-16
Let a(u) be the second derivative of 34*u + 0 - 1/2*u**3 + 0*u**2. Let v be 16/(-7) + 4/14. Calculate a(v).
6
Let z(a) = a**3 - 7*a**2 + 13. Let w(m) be the first derivative of m**4/4 + m**3/3 - m**2/2 - 146. Let i(y) = -2*w(y) + z(y). Calculate i(-9).
-5
Let c(j) = -7 + 40*j**2 + 494*j + 0*j**2 - 491*j + 3. What is c(1)?
39
Let h(i) = -29*i + 10. Let z be h(2). Let l be (-40)/1*(-1 - 0). Let g = z + l. Let m(f) = -f**2 - 10*f - 11. Give m(g).
5
Let m(g) = -7*g + 242 - 6*g**2 - 242 + g**3. Let c be m(7). Suppose -2*v - r - 5 = c, 8 + 5 = 2*v - 5*r. Let w(k) = -7*k**2 + 2*k + 1. Give w(v).
-8
Let c(p) = -p**2 - 10*p - 17. Suppose 3*u + u = -2*l + 34, -5*u = -3*l - 37. Let y be 4/(8/(-2))*u. Let j be c(y). Let t(d) = 2*d + 1. Determine t(j).
-1
Suppose -7*h + 2*g - 55 = 0, -9 - 10 = 4*h + 3*g. Let u(y) be the first derivative of y**4/4 + 2*y**3 - 3*y**2 + y - 3. What is u(h)?
-6
Suppose -20*w + 32*w = -2*w - 29*w. Let o(l) be the second derivative of -l**4/12 - l**3/6 + 5*l**2/2 + l. Calculate o(w).
5
Suppose -15*f + 13 = -13*f - v, -6*f = -2*v - 30. Let a(i) = -i**3 + 2*i**2 + 14*i - 31. Calculate a(f).
-3
Let j(l) be the first derivative of l**3/3 + 5*l**2/2 - 57*l - 8539. Determine j(-10).
-7
Let i = 40 - 35. Suppose i*n = -5 - 25. Let d be (((-22)/n - 1) + -3)*-15. Let b(l) = 2*l - 4. Give b(d).
6
Suppose 89 = 129*r + 43 - 341. Let v(y) = -3*y**3 + 9*y**2 - 2*y - 4. Determine v(r).
-10
Let l(h) = -2*h**2 - 9*h + 8. Let v be l(1). Let t be ((-6)/3)/(v/9). Let r(d) = 4*d + 14. Let c(y) = -y - 1. Let i(s) = -6*c(s) - r(s). Give i(t).
4
Let s(j) = j**2 - 9*j + 3. Let b = 256 - 76. Suppose 0 = -2*m, -m + b = -3*u + m. Let k be ((-6)/5)/(9/u). What is s(k)?
-5
Suppose -8 - 10 = t - 5*y, 0 = -2*t + 3*y - 8. Suppose 34 = -5*k - t*q, 10 = -2*k + 2*q - q. Let p(w) = -w - 7. What is p(k)?
-1
Let y = -66 - -22. Let b = y + 47. Suppose -b*j + 4*w = -8*j - 24, -w - 1 = 0. Let i(h) = h - 1. What is i(j)?
-5
Suppose -15 = -4*g + g + 2*z, 0 = 2*g - 3*z - 15. Let n(f) be the first derivative of f**2 - 4*f + 39. Calculate n(g).
2
Let l(n) = 2*n**2 + n + 2. Let a = 20 - 10. Let s = 32 + -30. Suppose 3*o = 3*i, 0 = -2*i - i - s*o - a. Calculate l(i).
8
Let m be 2/6 + (-2)/((-24)/44). Suppose -27 + 59 = -m*o. L